{"id":21,"date":"2019-11-17T09:27:17","date_gmt":"2019-11-17T09:27:17","guid":{"rendered":"http:\/\/kathispfifferlinge.de\/?page_id=21"},"modified":"2025-03-23T20:33:06","modified_gmt":"2025-03-23T20:33:06","slug":"ueber-mich","status":"publish","type":"page","link":"https:\/\/kathispfifferlinge.de\/?page_id=21","title":{"rendered":"\u00dcber mich"},"content":{"rendered":"\n<p><\/p>\n\n\n\n<figure class=\"wp-block-image size-large\"><img loading=\"lazy\" decoding=\"async\" width=\"1024\" height=\"683\" src=\"http:\/\/kathispfifferlinge.de\/wp-content\/uploads\/2019\/11\/IMG_1571-1024x683.jpg\" alt=\"\" class=\"wp-image-70\" srcset=\"https:\/\/kathispfifferlinge.de\/wp-content\/uploads\/2019\/11\/IMG_1571-1024x683.jpg 1024w, https:\/\/kathispfifferlinge.de\/wp-content\/uploads\/2019\/11\/IMG_1571-300x200.jpg 300w, https:\/\/kathispfifferlinge.de\/wp-content\/uploads\/2019\/11\/IMG_1571-768x512.jpg 768w, https:\/\/kathispfifferlinge.de\/wp-content\/uploads\/2019\/11\/IMG_1571-1536x1024.jpg 1536w, https:\/\/kathispfifferlinge.de\/wp-content\/uploads\/2019\/11\/IMG_1571-2048x1365.jpg 2048w\" sizes=\"(max-width: 1024px) 100vw, 1024px\" \/><\/figure>\n\n\n\n<p>Mein Name ist Katharina Duwendag und ich bin am 31.12.1987 geboren.&nbsp; Nach meinem Studium zum Handelsfachwirten, habe ich mehrere Jahre eine Filiale in einem gro\u00dfen Unternehmen geleitet. Zu meinem Aufgabenbereich z\u00e4hlten Personal-und Kostenplanung, Umsetzung von Erfolgszielen, sowie Mitarbeiterschulungen. <br>Ehrenamtlich arbeitete ich bei der Lebenshilfe Witten e.V. mit Menschen mit Behinderungen zusammen, was mir sehr viel Freude machte.<\/p>\n\n\n\n<p>Durch die Geburt unseres Sohnes ist mir in der Elternzeit bewusst geworden, wie sehr uns die kleinsten Wesen auf der Welt ben\u00f6tigen und wie viel man&nbsp;gerade in den ersten Lebensjahren dazu beisteuern kann,&nbsp;dass aus Ihnen selbstst\u00e4ndige Pers\u00f6nlichkeiten werden. Mir ist es ebenfalls wichtig, den Kindern das Gef\u00fchl zu geben, dass sie bei mir sicher und geborgen sind.<\/p>\n\n\n\n<p>Ich lebe seit mehreren Jahren in einer gl\u00fccklichen Beziehung und wir haben einen wundervollen Sohn zusammen. Paul wurde Februar 2018 geboren und ist ein Schulkind. Unser 2. gemeinsames Kind Pia kam September 2024 zur Welt und wird ein Teil der Pfifferlings Gruppe sein. Unsere Katze Queeni l\u00e4sst sich von unseren zwei Wirbelwinden nicht aus der Ruhe bringen und l\u00e4sst sich auch ab und zu, wenn die Tageskinder da sind, blicken.<\/p>\n","protected":false},"excerpt":{"rendered":"<p>Mein Name ist Katharina Duwendag und ich bin am 31.12.1987 geboren.&nbsp; Nach meinem Studium zum Handelsfachwirten, habe ich mehrere Jahre eine Filiale in einem gro\u00dfen Unternehmen geleitet. Zu meinem Aufgabenbereich z\u00e4hlten Personal-und Kostenplanung, Umsetzung von Erfolgszielen, sowie Mitarbeiterschulungen. Ehrenamtlich arbeitete ich bei der Lebenshilfe Witten e.V. mit Menschen mit Behinderungen zusammen, was mir sehr viel [&hellip;]<\/p>\n","protected":false},"author":1,"featured_media":0,"parent":0,"menu_order":0,"comment_status":"closed","ping_status":"closed","template":"","meta":{"footnotes":""},"yoast_head":"<!-- This site is optimized with the Yoast SEO plugin v19.7.1 - https:\/\/yoast.com\/wordpress\/plugins\/seo\/ -->\n<title>\u00dcber mich -<\/title>\n<meta name=\"robots\" content=\"index, follow, max-snippet:-1, max-image-preview:large, max-video-preview:-1\" \/>\n<link rel=\"canonical\" href=\"https:\/\/kathispfifferlinge.de\/?page_id=21\" \/>\n<meta property=\"og:locale\" content=\"de_DE\" \/>\n<meta property=\"og:type\" content=\"article\" \/>\n<meta property=\"og:title\" content=\"\u00dcber mich -\" \/>\n<meta property=\"og:description\" content=\"Mein Name ist Katharina Duwendag und ich bin am 31.12.1987 geboren.&nbsp; Nach meinem Studium zum Handelsfachwirten, habe ich mehrere Jahre eine Filiale in einem gro\u00dfen Unternehmen geleitet. Zu meinem Aufgabenbereich z\u00e4hlten Personal-und Kostenplanung, Umsetzung von Erfolgszielen, sowie Mitarbeiterschulungen. Ehrenamtlich arbeitete ich bei der Lebenshilfe Witten e.V. mit Menschen mit Behinderungen zusammen, was mir sehr viel [&hellip;]\" \/>\n<meta property=\"og:url\" content=\"https:\/\/kathispfifferlinge.de\/?page_id=21\" \/>\n<meta property=\"article:modified_time\" content=\"2025-03-23T20:33:06+00:00\" \/>\n<meta property=\"og:image\" content=\"http:\/\/kathispfifferlinge.de\/wp-content\/uploads\/2019\/11\/IMG_1571-1024x683.jpg\" \/>\n<meta name=\"twitter:card\" content=\"summary_large_image\" \/>\n<meta name=\"twitter:label1\" content=\"Gesch\u00e4tzte Lesezeit\" \/>\n\t<meta name=\"twitter:data1\" content=\"1\u00a0Minute\" \/>\n<script type=\"application\/ld+json\" class=\"yoast-schema-graph\">{\"@context\":\"https:\/\/schema.org\",\"@graph\":[{\"@type\":\"WebPage\",\"@id\":\"https:\/\/kathispfifferlinge.de\/?page_id=21\",\"url\":\"https:\/\/kathispfifferlinge.de\/?page_id=21\",\"name\":\"\u00dcber mich -\",\"isPartOf\":{\"@id\":\"https:\/\/kathispfifferlinge.de\/#website\"},\"datePublished\":\"2019-11-17T09:27:17+00:00\",\"dateModified\":\"2025-03-23T20:33:06+00:00\",\"breadcrumb\":{\"@id\":\"https:\/\/kathispfifferlinge.de\/?page_id=21#breadcrumb\"},\"inLanguage\":\"de\",\"potentialAction\":[{\"@type\":\"ReadAction\",\"target\":[\"https:\/\/kathispfifferlinge.de\/?page_id=21\"]}]},{\"@type\":\"BreadcrumbList\",\"@id\":\"https:\/\/kathispfifferlinge.de\/?page_id=21#breadcrumb\",\"itemListElement\":[{\"@type\":\"ListItem\",\"position\":1,\"name\":\"Startseite\",\"item\":\"https:\/\/kathispfifferlinge.de\/\"},{\"@type\":\"ListItem\",\"position\":2,\"name\":\"\u00dcber mich\"}]},{\"@type\":\"WebSite\",\"@id\":\"https:\/\/kathispfifferlinge.de\/#website\",\"url\":\"https:\/\/kathispfifferlinge.de\/\",\"name\":\"\",\"description\":\"Kathis-Pfifferlinge\",\"potentialAction\":[{\"@type\":\"SearchAction\",\"target\":{\"@type\":\"EntryPoint\",\"urlTemplate\":\"https:\/\/kathispfifferlinge.de\/?s={search_term_string}\"},\"query-input\":\"required name=search_term_string\"}],\"inLanguage\":\"de\"}]}<\/script>\n<!-- \/ Yoast SEO plugin. -->","yoast_head_json":{"title":"\u00dcber mich -","robots":{"index":"index","follow":"follow","max-snippet":"max-snippet:-1","max-image-preview":"max-image-preview:large","max-video-preview":"max-video-preview:-1"},"canonical":"https:\/\/kathispfifferlinge.de\/?page_id=21","og_locale":"de_DE","og_type":"article","og_title":"\u00dcber mich -","og_description":"Mein Name ist Katharina Duwendag und ich bin am 31.12.1987 geboren.&nbsp; Nach meinem Studium zum Handelsfachwirten, habe ich mehrere Jahre eine Filiale in einem gro\u00dfen Unternehmen geleitet. Zu meinem Aufgabenbereich z\u00e4hlten Personal-und Kostenplanung, Umsetzung von Erfolgszielen, sowie Mitarbeiterschulungen. Ehrenamtlich arbeitete ich bei der Lebenshilfe Witten e.V. mit Menschen mit Behinderungen zusammen, was mir sehr viel [&hellip;]","og_url":"https:\/\/kathispfifferlinge.de\/?page_id=21","article_modified_time":"2025-03-23T20:33:06+00:00","og_image":[{"url":"http:\/\/kathispfifferlinge.de\/wp-content\/uploads\/2019\/11\/IMG_1571-1024x683.jpg"}],"twitter_card":"summary_large_image","twitter_misc":{"Gesch\u00e4tzte Lesezeit":"1\u00a0Minute"},"schema":{"@context":"https:\/\/schema.org","@graph":[{"@type":"WebPage","@id":"https:\/\/kathispfifferlinge.de\/?page_id=21","url":"https:\/\/kathispfifferlinge.de\/?page_id=21","name":"\u00dcber mich -","isPartOf":{"@id":"https:\/\/kathispfifferlinge.de\/#website"},"datePublished":"2019-11-17T09:27:17+00:00","dateModified":"2025-03-23T20:33:06+00:00","breadcrumb":{"@id":"https:\/\/kathispfifferlinge.de\/?page_id=21#breadcrumb"},"inLanguage":"de","potentialAction":[{"@type":"ReadAction","target":["https:\/\/kathispfifferlinge.de\/?page_id=21"]}]},{"@type":"BreadcrumbList","@id":"https:\/\/kathispfifferlinge.de\/?page_id=21#breadcrumb","itemListElement":[{"@type":"ListItem","position":1,"name":"Startseite","item":"https:\/\/kathispfifferlinge.de\/"},{"@type":"ListItem","position":2,"name":"\u00dcber mich"}]},{"@type":"WebSite","@id":"https:\/\/kathispfifferlinge.de\/#website","url":"https:\/\/kathispfifferlinge.de\/","name":"","description":"Kathis-Pfifferlinge","potentialAction":[{"@type":"SearchAction","target":{"@type":"EntryPoint","urlTemplate":"https:\/\/kathispfifferlinge.de\/?s={search_term_string}"},"query-input":"required name=search_term_string"}],"inLanguage":"de"}]}},"_links":{"self":[{"href":"https:\/\/kathispfifferlinge.de\/index.php?rest_route=\/wp\/v2\/pages\/21"}],"collection":[{"href":"https:\/\/kathispfifferlinge.de\/index.php?rest_route=\/wp\/v2\/pages"}],"about":[{"href":"https:\/\/kathispfifferlinge.de\/index.php?rest_route=\/wp\/v2\/types\/page"}],"author":[{"embeddable":true,"href":"https:\/\/kathispfifferlinge.de\/index.php?rest_route=\/wp\/v2\/users\/1"}],"replies":[{"embeddable":true,"href":"https:\/\/kathispfifferlinge.de\/index.php?rest_route=%2Fwp%2Fv2%2Fcomments&post=21"}],"version-history":[{"count":9,"href":"https:\/\/kathispfifferlinge.de\/index.php?rest_route=\/wp\/v2\/pages\/21\/revisions"}],"predecessor-version":[{"id":323,"href":"https:\/\/kathispfifferlinge.de\/index.php?rest_route=\/wp\/v2\/pages\/21\/revisions\/323"}],"wp:attachment":[{"href":"https:\/\/kathispfifferlinge.de\/index.php?rest_route=%2Fwp%2Fv2%2Fmedia&parent=21"}],"curies":[{"name":"wp","href":"https:\/\/api.w.org\/{rel}","templated":true}]}}